{"id":47,"date":"2014-08-28T12:50:27","date_gmt":"2014-08-28T15:50:27","guid":{"rendered":"http:\/\/www.idesb.com.br\/?page_id=47"},"modified":"2014-08-28T13:01:30","modified_gmt":"2014-08-28T16:01:30","slug":"sobre-o-idesb","status":"publish","type":"page","link":"https:\/\/www.idesb.com.br\/?page_id=47","title":{"rendered":"O Chamado"},"content":{"rendered":"<h1><\/h1>\n<p style=\"text-align: justify;\"><strong><span style=\"color: #3366ff;\"><em>Quando o Filho do homem vier em sua gl\u00f3ria, com todos os anjos, assentar-se-\u00e1 em seu trono na gl\u00f3ria celestial.<\/em><\/span><\/strong><br \/>\n<strong><span style=\"color: #3366ff;\"><em>Todas as na\u00e7\u00f5es ser\u00e3o reunidas diante dele, e ele separar\u00e1 umas das outras como o pastor separa as ovelhas dos bodes.<\/em><\/span><\/strong><br \/>\n<strong><span style=\"color: #3366ff;\"><em>E colocar\u00e1 as ovelhas \u00e0 sua direita e os bodes \u00e0 sua esquerda.<\/em><\/span><\/strong><br \/>\n<strong><span style=\"color: #3366ff;\"><em>\u201cEnt\u00e3o o Rei dir\u00e1 aos que estiverem \u00e0 sua direita: \u2018Venham, benditos de meu Pai! Recebam como heran\u00e7a o Reino que lhes foi preparado desde a cria\u00e7\u00e3o do mundo.<\/em><\/span><\/strong><br \/>\n<strong><span style=\"color: #3366ff;\"><em>Pois eu tive fome, e voc\u00eas me deram de comer; tive sede, e voc\u00eas me deram de beber; fui estrangeiro, e voc\u00eas me acolheram;<\/em><\/span><\/strong><br \/>\n<strong><span style=\"color: #3366ff;\"><em>necessitei de roupas, e voc\u00eas me vestiram; estive enfermo, e voc\u00eas cuidaram de mim; estive preso, e voc\u00eas me visitaram\u2019.<\/em><\/span><\/strong><br \/>\n<strong><span style=\"color: #3366ff;\"><em>\u201cEnt\u00e3o os justos lhe responder\u00e3o: \u2018Senhor, quando te vimos com fome e te demos de comer, ou com sede e te demos de beber?<\/em><\/span><\/strong><br \/>\n<strong><span style=\"color: #3366ff;\"><em>Quando te vimos como estrangeiro e te acolhemos, ou necessitado de roupas e te vestimos?<\/em><\/span><\/strong><br \/>\n<strong><span style=\"color: #3366ff;\"><em>Quando te vimos enfermo ou preso e fomos te visitar? \u2019<\/em><\/span><\/strong><br \/>\n<strong><span style=\"color: #3366ff;\"><em>\u201cO Rei responder\u00e1: \u2018Digo-lhes a verdade: o que voc\u00eas fizeram a algum dos meus menores irm\u00e3os, a mim o fizeram\u2019.<\/em><\/span><\/strong><br \/>\n<strong><span style=\"color: #3366ff;\"><em>\u201cEnt\u00e3o ele dir\u00e1 aos que estiverem \u00e0 sua esquerda: \u2018Malditos, apartem-se de mim para o fogo eterno, preparado para o diabo e os seus anjos.<\/em><\/span><\/strong><br \/>\n<strong><span style=\"color: #3366ff;\"><em>Pois eu tive fome, e voc\u00eas n\u00e3o me deram de comer; tive sede, e nada me deram para beber;<\/em><\/span><\/strong><br \/>\n<strong><span style=\"color: #3366ff;\"><em>fui estrangeiro, e voc\u00eas n\u00e3o me acolheram; necessitei de roupas, e voc\u00eas n\u00e3o me vestiram; estive enfermo e preso, e voc\u00eas n\u00e3o me visitaram\u2019.<\/em><\/span><\/strong><br \/>\n<strong><span style=\"color: #3366ff;\"><em>\u201cEles tamb\u00e9m responder\u00e3o: \u2018Senhor, quando te vimos com fome ou com sede ou estrangeiro ou necessitado de roupas ou enfermo ou preso, e n\u00e3o te ajudamos? \u2019<\/em><\/span><\/strong><br \/>\n<strong><span style=\"color: #3366ff;\"><em>\u201cEle responder\u00e1: \u2018Digo-lhes a verdade: o que voc\u00eas deixaram de fazer a alguns destes mais pequeninos, tamb\u00e9m a mim deixaram de faz\u00ea-lo\u2019.<\/em><\/span><\/strong><br \/>\n<strong><span style=\"color: #3366ff;\"><em>\u201cE estes ir\u00e3o para o castigo eterno, mas os justos para a vida eterna\u201d<\/em><\/span><\/strong><\/p>\n<p><a style=\"font-weight: inherit; font-style: inherit;\" href=\"http:\/\/www.bibliaonline.com.br\/nvi\/mt\/25\/31-46\">Mateus 25:31-46<\/a><\/p>\n","protected":false},"excerpt":{"rendered":"<p>Quando o Filho do homem vier em sua gl\u00f3ria, com todos os anjos, assentar-se-\u00e1 em seu trono na gl\u00f3ria celestial. Todas as na\u00e7\u00f5es ser\u00e3o reunidas diante dele, e ele separar\u00e1 umas das outras como o pastor separa as ovelhas dos bodes. E colocar\u00e1 as ovelhas \u00e0 sua direita e os bodes \u00e0 sua esquerda. \u201cEnt\u00e3o &hellip; <a href=\"https:\/\/www.idesb.com.br\/?page_id=47\" class=\"more-link\">Continue lendo <span class=\"screen-reader-text\">O Chamado<\/span> <span class=\"meta-nav\">&rarr;<\/span><\/a><\/p>\n","protected":false},"author":1,"featured_media":0,"parent":0,"menu_order":0,"comment_status":"open","ping_status":"open","template":"","meta":{"footnotes":""},"class_list":["post-47","page","type-page","status-publish","hentry"],"_links":{"self":[{"href":"https:\/\/www.idesb.com.br\/index.php?rest_route=\/wp\/v2\/pages\/47","targetHints":{"allow":["GET"]}}],"collection":[{"href":"https:\/\/www.idesb.com.br\/index.php?rest_route=\/wp\/v2\/pages"}],"about":[{"href":"https:\/\/www.idesb.com.br\/index.php?rest_route=\/wp\/v2\/types\/page"}],"author":[{"embeddable":true,"href":"https:\/\/www.idesb.com.br\/index.php?rest_route=\/wp\/v2\/users\/1"}],"replies":[{"embeddable":true,"href":"https:\/\/www.idesb.com.br\/index.php?rest_route=%2Fwp%2Fv2%2Fcomments&post=47"}],"version-history":[{"count":4,"href":"https:\/\/www.idesb.com.br\/index.php?rest_route=\/wp\/v2\/pages\/47\/revisions"}],"predecessor-version":[{"id":52,"href":"https:\/\/www.idesb.com.br\/index.php?rest_route=\/wp\/v2\/pages\/47\/revisions\/52"}],"wp:attachment":[{"href":"https:\/\/www.idesb.com.br\/index.php?rest_route=%2Fwp%2Fv2%2Fmedia&parent=47"}],"curies":[{"name":"wp","href":"https:\/\/api.w.org\/{rel}","templated":true}]}}

<h1></h1>
<p style="text-align: justify;"><strong><span style="color: #3366ff;"><em>Quando o Filho do homem vier em sua glória, com todos os anjos, assentar-se-á em seu trono na glória celestial.</em></span></strong><br />
<strong><span style="color: #3366ff;"><em>Todas as nações serão reunidas diante dele, e ele separará umas das outras como o pastor separa as ovelhas dos bodes.</em></span></strong><br />
<strong><span style="color: #3366ff;"><em>E colocará as ovelhas à sua direita e os bodes à sua esquerda.</em></span></strong><br />
<strong><span style="color: #3366ff;"><em>“Então o Rei dirá aos que estiverem à sua direita: ‘Venham, benditos de meu Pai! Recebam como herança o Reino que lhes foi preparado desde a criação do mundo.</em></span></strong><br />
<strong><span style="color: #3366ff;"><em>Pois eu tive fome, e vocês me deram de comer; tive sede, e vocês me deram de beber; fui estrangeiro, e vocês me acolheram;</em></span></strong><br />
<strong><span style="color: #3366ff;"><em>necessitei de roupas, e vocês me vestiram; estive enfermo, e vocês cuidaram de mim; estive preso, e vocês me visitaram’.</em></span></strong><br />
<strong><span style="color: #3366ff;"><em>“Então os justos lhe responderão: ‘Senhor, quando te vimos com fome e te demos de comer, ou com sede e te demos de beber?</em></span></strong><br />
<strong><span style="color: #3366ff;"><em>Quando te vimos como estrangeiro e te acolhemos, ou necessitado de roupas e te vestimos?</em></span></strong><br />
<strong><span style="color: #3366ff;"><em>Quando te vimos enfermo ou preso e fomos te visitar? ’</em></span></strong><br />
<strong><span style="color: #3366ff;"><em>“O Rei responderá: ‘Digo-lhes a verdade: o que vocês fizeram a algum dos meus menores irmãos, a mim o fizeram’.</em></span></strong><br />
<strong><span style="color: #3366ff;"><em>“Então ele dirá aos que estiverem à sua esquerda: ‘Malditos, apartem-se de mim para o fogo eterno, preparado para o diabo e os seus anjos.</em></span></strong><br />
<strong><span style="color: #3366ff;"><em>Pois eu tive fome, e vocês não me deram de comer; tive sede, e nada me deram para beber;</em></span></strong><br />
<strong><span style="color: #3366ff;"><em>fui estrangeiro, e vocês não me acolheram; necessitei de roupas, e vocês não me vestiram; estive enfermo e preso, e vocês não me visitaram’.</em></span></strong><br />
<strong><span style="color: #3366ff;"><em>“Eles também responderão: ‘Senhor, quando te vimos com fome ou com sede ou estrangeiro ou necessitado de roupas ou enfermo ou preso, e não te ajudamos? ’</em></span></strong><br />
<strong><span style="color: #3366ff;"><em>“Ele responderá: ‘Digo-lhes a verdade: o que vocês deixaram de fazer a alguns destes mais pequeninos, também a mim deixaram de fazê-lo’.</em></span></strong><br />
<strong><span style="color: #3366ff;"><em>“E estes irão para o castigo eterno, mas os justos para a vida eterna”</em></span></strong></p>
<p><a style="font-weight: inherit; font-style: inherit;" href="http://www.bibliaonline.com.br/nvi/mt/25/31-46">Mateus 25:31-46</a></p>

<p>Quando o Filho do homem vier em sua glória, com todos os anjos, assentar-se-á em seu trono na glória celestial. Todas as nações serão reunidas diante dele, e ele separará umas das outras como o pastor separa as ovelhas dos bodes. E colocará as ovelhas à sua direita e os bodes à sua esquerda. “Então &hellip; <a href="https://www.idesb.com.br/?page_id=47" class="more-link">Continue lendo <span class="screen-reader-text">O Chamado</span> <span class="meta-nav">&rarr;</span></a></p>
